{"id":73,"date":"2018-08-04T00:20:02","date_gmt":"2018-08-03T22:20:02","guid":{"rendered":"https:\/\/hapkido-im-revier.de\/?page_id=73"},"modified":"2022-12-30T04:31:07","modified_gmt":"2022-12-30T03:31:07","slug":"ueber-hapkido","status":"publish","type":"page","link":"https:\/\/hapkido-in-essen.de\/index.php\/ueber-hapkido\/","title":{"rendered":"\u00dcber HapKiDo"},"content":{"rendered":"<p><span style=\"font-size: 18pt;\"><strong>HAP<\/strong> <\/span>Harmonie zwischen K\u00f6rper und Geist.<\/p>\n<p><span style=\"font-size: 18pt;\"><strong>KI<\/strong><\/span>&nbsp; k\u00f6rperliche Kraft und Konzentration.<\/p>\n<p><span style=\"font-size: 18pt;\"><strong>DO<\/strong><\/span>&nbsp;Weg des Lebens und der Lehrmethode.<\/p>\n<p>Hap-Ki-Do ist eine alte koreanische Selbstverteidigungsart, die ihren Ursprung in ca. 3000 Jahre alten Kampfk\u00fcnsten buddhistischer M\u00f6nche hat. Sie wendeten die Techniken an, um sich auf ihren Reisen gegen Menschen und Tiere verteidigen zu k\u00f6nnen. Die von uns trainierte Form des Hap-Ki-Do wurde mit dem System Kim Sou Bong auf europ\u00e4ische Verh\u00e4ltnisse zugeschnitten. Dabei entstand die Kunst der waffenlosen Selbstverteidigung. Hierbei wird nicht die Feinheit der Technik verstanden, sondern die erlernbare F\u00e4higkeit, sich blitzschnell auf eine Gefahrensituation einstellen und reagieren zu k\u00f6nnen. Das Wesen der Techniken liegt bei uns in der Verteidigung und nicht im Angriff. Es ist eine Selbstverteidigungskunst, bei der die Verteidigungsstellungen dominieren und so dem Verteidiger eine gr\u00f6\u00dftm\u00f6gliche Sicherheit garantiert wird. Ziel des Hap-Ki-Do ist es, mit m\u00f6glichst geringen Kraftaufwand den Gegner human abzuwehren. Dazu werden drei Prinzipien benutzt, die den Kern jeder Technik ausmachen: Einwirkung, Kreis und Fluss. Mit Hilfe dieser drei Prinzipien wird die Kraft des Gegners ausgenutzt, um ihn zu kontrollieren und \u201ekampfunf\u00e4hig\u201c zu machen. Dieses geschieht durch eine kreisf\u00f6rmige Bewegung, mit der die Kraft des Gegners in eine Gegenkraft umgewandelt wird.<\/p>\n","protected":false},"excerpt":{"rendered":"<p>HAP Harmonie zwischen K\u00f6rper und Geist. KI&nbsp; k\u00f6rperliche Kraft und Konzentration. DO&nbsp;Weg des Lebens und der Lehrmethode. Hap-Ki-Do ist eine alte koreanische Selbstverteidigungsart, die ihren Ursprung in ca. 3000 Jahre alten Kampfk\u00fcnsten buddhistischer M\u00f6nche hat. Sie wendeten die Techniken an, um sich auf ihren Reisen gegen Menschen und Tiere verteidigen zu k\u00f6nnen. Die von uns &hellip; <\/p>\n<p class=\"link-more\"><a href=\"https:\/\/hapkido-in-essen.de\/index.php\/ueber-hapkido\/\" class=\"more-link\"><span class=\"screen-reader-text\">\u201e\u00dcber HapKiDo\u201c <\/span>weiterlesen<\/a><\/p>\n","protected":false},"author":1,"featured_media":0,"parent":0,"menu_order":0,"comment_status":"closed","ping_status":"closed","template":"","meta":{"jetpack_post_was_ever_published":false,"footnotes":""},"class_list":["post-73","page","type-page","status-publish","hentry"],"jetpack_shortlink":"https:\/\/wp.me\/Pa9712-1b","jetpack_sharing_enabled":true,"_links":{"self":[{"href":"https:\/\/hapkido-in-essen.de\/index.php\/wp-json\/wp\/v2\/pages\/73","targetHints":{"allow":["GET"]}}],"collection":[{"href":"https:\/\/hapkido-in-essen.de\/index.php\/wp-json\/wp\/v2\/pages"}],"about":[{"href":"https:\/\/hapkido-in-essen.de\/index.php\/wp-json\/wp\/v2\/types\/page"}],"author":[{"embeddable":true,"href":"https:\/\/hapkido-in-essen.de\/index.php\/wp-json\/wp\/v2\/users\/1"}],"replies":[{"embeddable":true,"href":"https:\/\/hapkido-in-essen.de\/index.php\/wp-json\/wp\/v2\/comments?post=73"}],"version-history":[{"count":1,"href":"https:\/\/hapkido-in-essen.de\/index.php\/wp-json\/wp\/v2\/pages\/73\/revisions"}],"predecessor-version":[{"id":1378,"href":"https:\/\/hapkido-in-essen.de\/index.php\/wp-json\/wp\/v2\/pages\/73\/revisions\/1378"}],"wp:attachment":[{"href":"https:\/\/hapkido-in-essen.de\/index.php\/wp-json\/wp\/v2\/media?parent=73"}],"curies":[{"name":"wp","href":"https:\/\/api.w.org\/{rel}","templated":true}]}}